it of 4133888?
8
What is the hundred thousands digit of 3874103?
8
What is the hundreds digit of 17789990?
9
What is the thousands digit of 2122643?
2
What is the millions digit of 1064174?
1
What is the ten thousands digit of 23557?
2
What is the hundred thousands digit of 521656?
5
What is the units digit of 607480?
0
What is the ten thousands digit of 1050904?
5
What is the hundreds digit of 1724052?
0
What is the ten thousands digit of 226136?
2
What is the tens digit of 26505111?
1
What is the hundreds digit of 103855?
8
What is the ten thousands digit of 730175?
3
What is the ten thousands digit of 12206125?
0
What is the hundreds digit of 4024573?
5
What is the hundred thousands digit of 1286881?
2
What is the tens digit of 325647?
4
What is the thousands digit of 785836?
5
What is the tens digit of 36215?
1
What is the ten thousands digit of 1263634?
6
What is the thousands digit of 81133?
1
What is the thousands digit of 1423187?
3
What is the units digit of 21952150?
0
What is the units digit of 9789631?
1
What is the ten thousands digit of 1054360?
5
What is the units digit of 234244?
4
What is the hundred thousands digit of 276314?
2
What is the hundreds digit of 410661?
6
What is the thousands digit of 469838?
9
What is the thousands digit of 9390896?
0
What is the ten thousands digit of 1419994?
1
What is the hundreds digit of 2934944?
9
What is the units digit of 5888?
8
What is the hundred thousands digit of 543760?
5
What is the hundred thousands digit of 26342939?
3
What is the thousands digit of 2441509?
1
What is the ten thousands digit of 774770?
7
What is the hundreds digit of 19297039?
0
What is the hundred thousands digit of 200579?
2
What is the hundreds digit of 1322472?
4
What is the hundreds digit of 11877231?
2
What is the hundred thousands digit of 1001375?
0
What is the units digit of 13414372?
2
What is the tens digit of 15878?
7
What is the units digit of 22717928?
8
What is the hundreds digit of 242066?
0
What is the ten thousands digit of 4270819?
7
What is the ten thousands digit of 226013?
2
What is the tens digit of 194381?
8
What is the ten thousands digit of 173103?
7
What is the ten thousands digit of 606705?
0
What is the ten thousands digit of 8215279?
1
What is the ten thousands digit of 2228667?
2
What is the hundred thousands digit of 36415188?
4
What is the hundreds digit of 12608249?
2
What is the hundreds digit of 331663?
6
What is the hundred thousands digit of 830095?
8
What is the ten thousands digit of 7691355?
9
What is the tens digit of 14044851?
5
What is the hundred thousands digit of 266296?
2
What is the hundreds digit of 2216835?
8
What is the hundreds digit of 8001668?
6
What is the thousands digit of 7952740?
2
What is the tens digit of 7484245?
4
What is the ten thousands digit of 181130?
8
What is the hundreds digit of 3462012?
0
What is the thousands digit of 402036?
2
What is the hundred thousands digit of 2487285?
4
What is the hundreds digit of 573670?
6
What is the thousands digit of 7858130?
8
What is the tens digit of 3142640?
4
What is the ten thousands digit of 2132819?
3
What is the hundreds digit of 5345903?
9
What is the ten thousands digit of 907418?
0
What is the hundreds digit of 163680?
6
What is the tens digit of 6463518?
1
What is the ten thousands digit of 235543?
3
What is the ten thousands digit of 220731?
2
What is the tens digit of 986919?
1
What is the units digit of 4424905?
5
What is the thousands digit of 87301?
7
What is the millions digit of 2877108?
2
What is the ten thousands digit of 30959?
3
What is the units digit of 27030?
0
What is the ten thousands digit of 422144?
2
What is the tens digit of 198660?
6
What is the tens digit of 1385148?
4
What is the hundred thousands digit of 561840?
5
What is the tens digit of 4133674?
7
What is the thousands digit of 8316979?
6
What is the millions digit of 19709676?
9
What is the hundreds digit of 220896?
8
What is the hundred thousands digit of 1041626?
0
What is the units digit of 2940953?
3
What is the hundred thousands digit of 186963?
1
What is the thousands digit of 10213728?
3
What is the millions digit of 2664572?
2
What is the hundred thousands digit of 240828?
2
What is the thousands digit of 32691662?
1
What is the thousands digit of 3578933?
8
What is the thousands digit of 21558195?
8
What is the units digit of 6686000?
0
What is the millions digit of 1496108?
1
What is the hundred thousands digit of 3148588?
1
What is the hundreds digit of 609398?
3
What is the units digit of 1183530?
0
What is the tens digit of 22923426?
2
What is the hundreds digit of 3842857?
8
What is the millions digit of 2879936?
2
What is the ten thousands digit of 155230?
5
What is the hundreds digit of 2217976?
9
What is the hundreds digit of 101756?
7
What is the hundreds digit of 3134503?
5
What is the thousands digit of 613142?
3
What is the tens digit of 714064?
6
What is the ten thousands digit of 8512291?
1
What is the tens digit of 1376943?
4
What is the thousands digit of 188365?
8
What is the hundreds digit of 20375648?
6
What is the millions digit of 3752937?
3
What is the hundreds digit of 18888863?
8
What is the millions digit of 7699655?
7
What is the thousands digit of 1581509?
1
What is the tens digit of 12917066?
6
What is the ten thousands digit of 3138922?
3
What is the thousands digit of 510213?
0
What is the hundreds digit of 1787489?
4
What is the units digit of 1996728?
8
What is the hundred thousands digit of 4127747?
1
What is the ten thousands digit of 8412271?
1
What is the units digit of 6731933?
3
What is the tens digit of 23953874?
7
What is the thousands digit of 801036?
1
What is the tens digit of 11172107?
0
What is the hundreds digit of 10947940?
9
What is the ten thousands digit of 229455?
2
What is the units digit of 16025931?
1
What is the tens digit of 2986877?
7
What is the ten thousands digit of 6397938?
9
What is the units digit of 30364600?
0
What is the units digit of 1123235?
5
What is the ten thousands digit of 13776834?
7
What is the millions digit of 2864962?
2
What is the units digit of 343209?
9
What is the ten thousands digit of 523850?
2
What is the tens digit of 3420702?
0
What is the hundred thousands digit of 1146437?
1
What is the thousands digit of 905588?
5
What is the units digit of 3327708?
8
What is the tens digit of 6410283?
8
What is the ten thousands digit of 24910009?
1
What is the thousands digit of 88166?
8
What is the hundred thousands digit of 1486145?
4
What is the millions digit of 6589373?
6
What is the units digit of 582676?
6
What is the units digit of 379322?
2
What is the units digit of 1629803?
3
What is the hundred thousands digit of 11395096?
3
What is the units digit of 6093346?
6
What is the ten thousands digit of 4339917?
3
What is the millions digit of 2152823?
2
What is the tens digit of 26369?
6
What is the thousands digit of 1082078?
2
What is the units digit of 94201?
1
What is the thousands digit of 85437?
5
What is the thousands digit of 507070?
7
What is the ten thousands digit of 249061?
4
What is the thousands digit of 19487347?
7
What is the hundred thousands digit of 447397?
4
What is the ten thousands digit of 18678841?
7
What is the thousands digit of 366084?
6
What is the hundred thousands digit of 969164?
9
What is the hundred thousands digit of 4599589?
5
What is the ten thousands digit of 2222482?
2
What is the tens digit of 334886?
8
What is the thousands digit of 1202582?
2
What is the hundreds digit of 6286161?
1
What is the tens digit of 15158?
5
What is the thousands digit of 509167?
9
What is the hundreds digit of 207178?
1
What is the tens digit of 5641653?
5
What is the ten thousands digit of 800629?
0
What is the units digit of 165145?
5
What is the hundreds digit of 70881?
8
What is the ten thousands digit of 3975474?
7
What is the millions digit of 14485846?
4
What is the millions digit of 2424715?
2
What is the hundreds digit of 8424117?
1
What is the hundred thousands digit of 1251172?
2
What is the tens digit of 2276038?
3
What is the hundreds digit of 1430642?
6
What is the thousands digit of 525928?
5
What is the units digit of 8850245?
5
What is the units digit of 2833038?
8
What is the hundreds digi